, 11699
List the prime factors of 20840249.
17, 1225897
List the prime factors of 2020888.
2, 252611
List the prime factors of 13302937.
31, 429127
What are the prime factors of 457919?
7, 11, 19, 313
What are the prime factors of 18141133?
113, 160541
What are the prime factors of 10106988?
2, 3, 842249
What are the prime factors of 796992?
2, 3, 7, 593
List the prime factors of 230665.
5, 46133
List the prime factors of 1626079.
7, 13, 107, 167
What are the prime factors of 688050?
2, 3, 5, 11, 139
What are the prime factors of 408993?
3, 13, 10487
List the prime factors of 107038.
2, 109, 491
List the prime factors of 7169441.
19, 377339
What are the prime factors of 27713936?
2, 151, 11471
What are the prime factors of 219240?
2, 3, 5, 7, 29
What are the prime factors of 4344361?
7, 620623
List the prime factors of 4009831.
7, 572833
What are the prime factors of 663706?
2, 37, 8969
What are the prime factors of 24548235?
3, 5, 1636549
What are the prime factors of 11114140?
2, 5, 555707
List the prime factors of 1735666.
2, 17, 71, 719
What are the prime factors of 692785?
5, 127, 1091
What are the prime factors of 153582?
2, 3, 11, 13, 179
What are the prime factors of 5058183?
3, 13, 23, 5639
List the prime factors of 1898795.
5, 307, 1237
List the prime factors of 473654.
2, 17, 13931
What are the prime factors of 3166188?
2, 3, 263849
List the prime factors of 4888364.
2, 13, 94007
What are the prime factors of 513116?
2, 37, 3467
List the prime factors of 555942.
2, 3, 92657
What are the prime factors of 4294172?
2, 809, 1327
List the prime factors of 11191800.
2, 3, 5, 23, 811
List the prime factors of 522713.
719, 727
What are the prime factors of 8886751?
1787, 4973
What are the prime factors of 22259370?
2, 3, 5, 7, 105997
List the prime factors of 19842845.
5, 11, 360779
List the prime factors of 1629694.
2, 11, 74077
What are the prime factors of 8960450?
2, 5, 179209
List the prime factors of 1112441.
11, 23, 4397
List the prime factors of 9776784.
2, 3, 149, 1367
List the prime factors of 52004.
2, 13001
What are the prime factors of 1086363?
3, 19, 6353
List the prime factors of 13378162.
2, 7, 401, 2383
List the prime factors of 244724.
2, 193, 317
List the prime factors of 669473.
7, 59, 1621
List the prime factors of 5176923.
3, 1725641
What are the prime factors of 574925?
5, 13, 29, 61
List the prime factors of 426542.
2, 419, 509
List the prime factors of 2813742.
2, 3, 156319
What are the prime factors of 143712?
2, 3, 499
List the prime factors of 55234.
2, 27617
List the prime factors of 50141.
7, 13, 19, 29
What are the prime factors of 54797?
37, 1481
What are the prime factors of 112197?
3, 149, 251
What are the prime factors of 291154?
2, 145577
List the prime factors of 1780214.
2, 890107
List the prime factors of 4959388.
2, 7, 25303
What are the prime factors of 9441630?
2, 3, 5, 11, 17
List the prime factors of 300684.
2, 3, 25057
List the prime factors of 1656014.
2, 828007
What are the prime factors of 5388736?
2, 84199
What are the prime factors of 313644?
2, 3, 59, 443
List the prime factors of 980440.
2, 5, 127, 193
What are the prime factors of 133253?
133253
List the prime factors of 7263395.
5, 1031, 1409
List the prime factors of 18846646.
2, 7, 13, 103553
List the prime factors of 168227.
168227
List the prime factors of 3853209.
3, 401, 3203
What are the prime factors of 757086?
2, 3, 11, 11471
What are the prime factors of 7126472?
2, 890809
What are the prime factors of 652191?
3, 217397
List the prime factors of 80158.
2, 13, 3083
List the prime factors of 961447.
961447
List the prime factors of 5817430.
2, 5, 581743
List the prime factors of 63432.
2, 3, 881
List the prime factors of 3609292.
2, 733, 1231
List the prime factors of 14157522.
2, 3, 59, 13331
What are the prime factors of 9253761?
3, 11, 61, 4597
List the prime factors of 27733.
27733
What are the prime factors of 153647?
13, 53, 223
List the prime factors of 1216066.
2, 608033
What are the prime factors of 2217270?
2, 3, 5, 11, 6719
What are the prime factors of 43499?
43499
What are the prime factors of 1283129?
1283129
List the prime factors of 2408368.
2, 150523
What are the prime factors of 4680662?
2, 7, 334333
What are the prime factors of 2165251?
11, 41, 4801
What are the prime factors of 15168424?
2, 31, 1973
What are the prime factors of 13709445?
3, 5, 61, 14983
List the prime factors of 21106078.
2, 7, 17, 88681
What are the prime factors of 824246?
2, 412123
List the prime factors of 553363.
553363
What are the prime factors of 293105?
5, 31, 61
List the prime factors of 461518.
2, 23, 79, 127
List the prime factors of 5803349.
5803349
What are the prime factors of 10434398?
2, 13, 30871
List the prime factors of 22532328.
2, 3, 7, 13, 19, 181
What are the prime factors of 291261?
3, 17, 5711
What are the prime factors of 106314?
2, 3, 13, 29, 47
List the prime factors of 137872.
2, 7, 1231
List the prime factors of 374811.
3, 101, 1237
List the prime factors of 31602.
2, 3, 23, 229
List the prime factors of 849262.
2, 19, 22349
What are the prime factors of 4263992?
2, 532999
What are the prime factors of 2309449?
2309449
List the prime factors of 6823382.
2, 307, 11113
What are the prime factors of 5568682?
2, 7, 397763
List the prime factors of 48909.
3, 7, 17, 137
List the prime factors of 3718720.
2, 5, 11621
List the prime factors of 772372.
2, 193093
List the prime factors of 4854963.
3, 181, 8941
What are the prime factors of 4932611?
4932611
What are the prime factors of 1736518?
2, 7, 71, 1747
What are the prime factors of 19381064?
2, 19, 127507
List the prime factors of 30541025.
5, 1221641
What are the prime factors of 1854446?
2, 11, 79, 97
What are the prime factors of 10799509?
7, 131, 11777
List the prime factors of 970048.
2, 23, 659
What are the prime factors of 2422056?
2, 3, 7, 13, 1109
What are the prime factors of 2002695?
3, 5, 19, 7027
What are the prime factors of 1628429?
11, 317, 467
List the prime factors of 842465.
5, 13, 997
List the prime factors of 266285.
5, 19, 2803
What are the prime factors of 42727?
42727
List the prime factors of 282353.
17, 977
What are the prime factors of 7662925?
5, 306517
What are the prime factors of 4235743?
79, 53617
What are the prime factors of 7532720?
2, 5, 13, 7243
What are the prime factors of 1556171?
61, 97, 263
List the prime factors of 187745.
5, 37549
What are the prime factors of 1169544?
2, 3, 48731
What are the prime factors of 7277326?
2, 7, 17, 30577
What are the prime factors of 3554184?
2, 3, 148091
List the prime factors of 128937.
3, 42979
What are the prime factors of 132053?
37, 43, 83
List the prime factors of 335515.
5, 67103
What are the prime factors of 117961?
179, 659
List the prime factors of 265464.
2, 3, 1229
List the prime factors of 2897467.
1187, 2441
What are the prime factors of 8643177?
3, 960353
List the prime factors of 4020.
2, 3, 5, 67
List the prime factors of 732723.
3, 467, 523
What are the prime factors of 6136832?
2, 13, 461
List the prime factors of 20762.
2, 7, 1483
What are the prime factors of 1185157?
83, 109, 131
List the prime factors of 127728.
2, 3, 887
List the prime factors of 30777.
3, 10259
List the prime factors of 1756535.
5, 11, 109, 293
List the prime factors of 1358969.
29, 46861
What are the prime factors of 1033324?
2, 258331
List the prime factors of 9575428.
2, 2393857
What are the prime factors of 480524?
2, 11, 67, 163
What are the prime factors of 6142937?
43, 373, 383
List the prime factors of 44092.
2, 73, 151
What are the prime factors of 264231?
3, 11, 17, 157
What are the prime factors of 306182?
2, 29, 5279
List the prime factors of 26480245.
5, 11, 23, 173
What are the prime factors of 969980?
2, 5, 11, 4409
What are the prime factors of 90801?
3, 19, 59
What are the prime factors of 393333?
3, 131111
List the prime factors of 3112917.
3, 449, 2311
What are the prime factors of 3222535?
5, 644507
List the prime factors of 2223141.
3, 17, 43591
List the prime factors of 518767.
518767
List the prime factors of 1911644.
2, 7, 67, 1019
What are the prime factors of 1656288?
2, 3, 71
List the prime factors of 7682994.
2, 3, 11, 38803
What are the prime factors of 1712999?
28